{"id":12,"date":"2021-09-15T01:25:51","date_gmt":"2021-09-15T01:25:51","guid":{"rendered":"https:\/\/freioscatapano.com.br\/portal\/?page_id=12"},"modified":"2021-09-16T12:56:36","modified_gmt":"2021-09-16T12:56:36","slug":"quem-somos","status":"publish","type":"page","link":"https:\/\/freioscatapano.com.br\/portal\/?page_id=12","title":{"rendered":"QUEM SOMOS"},"content":{"rendered":"<p><span style=\"font-size: 20px;\"><img fetchpriority=\"high\" decoding=\"async\" class=\" wp-image-100 alignleft\" src=\"https:\/\/freioscatapano.com.br\/portal\/wp-content\/uploads\/2021\/09\/image3-300x225.jpeg\" alt=\"\" width=\"327\" height=\"245\" \/>Fundada em 1992, a Freios Catapano concentra suas atividades na usinagem de componentes automotivos (leves e pesados), como discos \/ tambores de freio, cubos de roda, e volantes de in\u00e9rcia.<\/span><\/p>\n<p><span style=\"font-size: 20px;\">Suas instala\u00e7\u00f5es possuem uma \u00e1rea de 22 mil m2 de f\u00e1cil acesso e que se encontra em Limeira h\u00e1 1 Km da Rod. Anhanguera e a 2 Km da Rod. Washington Luis, com capacidade produtiva de 100.000 pe\u00e7as ao m\u00eas.<\/span><\/p>\n<p><span style=\"font-size: 20px;\">Visando obter excel\u00eancia em qualidade e independ\u00eancia em seus processos, estamos investindo em equipamentos, instala\u00e7\u00f5es e tecnologia.<\/span><\/p>\n<p><span style=\"font-size: 20px;\">Tudo isso tem contribu\u00eddo diariamente, para a conquista de melhores n\u00edveis de Qualidade e atendimento aos nossos clientes.<\/span><\/p>\n<div id='gallery-1' class='gallery galleryid-12 gallery-columns-3 gallery-size-medium'><figure class='gallery-item'>\n\t\t\t<div class='gallery-icon landscape'>\n\t\t\t\t<a href='https:\/\/freioscatapano.com.br\/portal\/wp-content\/uploads\/2021\/09\/Imagem2.jpg'><img decoding=\"async\" width=\"300\" height=\"226\" src=\"https:\/\/freioscatapano.com.br\/portal\/wp-content\/uploads\/2021\/09\/Imagem2-300x226.jpg\" class=\"attachment-medium size-medium\" alt=\"\" \/><\/a>\n\t\t\t<\/div><\/figure><figure class='gallery-item'>\n\t\t\t<div class='gallery-icon landscape'>\n\t\t\t\t<a href='https:\/\/freioscatapano.com.br\/portal\/wp-content\/uploads\/2021\/09\/Imagem3.jpg'><img decoding=\"async\" width=\"300\" height=\"225\" src=\"https:\/\/freioscatapano.com.br\/portal\/wp-content\/uploads\/2021\/09\/Imagem3-300x225.jpg\" class=\"attachment-medium size-medium\" alt=\"\" \/><\/a>\n\t\t\t<\/div><\/figure><figure class='gallery-item'>\n\t\t\t<div class='gallery-icon landscape'>\n\t\t\t\t<a href='https:\/\/freioscatapano.com.br\/portal\/wp-content\/uploads\/2021\/09\/Imagem4.jpg'><img loading=\"lazy\" decoding=\"async\" width=\"300\" height=\"225\" src=\"https:\/\/freioscatapano.com.br\/portal\/wp-content\/uploads\/2021\/09\/Imagem4-300x225.jpg\" class=\"attachment-medium size-medium\" alt=\"\" \/><\/a>\n\t\t\t<\/div><\/figure>\n\t\t<\/div>\n\n<h2>NOSSA POL\u00cdTICA DE QUALIDADE:<\/h2>\n<p>Fornecimento de servi\u00e7os de Usinagem que atenda aos Requisitos das Partes interessadas, com foco nas necessidades do cliente, melhorias cont\u00ednua da qualidade, buscando crescimento da empresa.<\/p>\n<p>\u201cDiante de um mercado exigente, \u00e9 fundamental atuar na otimiza\u00e7\u00e3o de processos.<br \/>\nPensando nesse cen\u00e1rio, nossa empresa oferece trabalhos de terceiriza\u00e7\u00e3o de usinagem de materiais ferrosos e n\u00e3o ferrosos, contando com profissionais, m\u00e3o de obra e equipes mais especializados e experientes, know-how diferenciado e conhecimentos t\u00e9cnicos espec\u00edficos, capaz de realizar os servi\u00e7os com mais qualidade e excel\u00eancia.<\/p>\n","protected":false},"excerpt":{"rendered":"<p>Fundada em 1992, a Freios Catapano concentra suas atividades na usinagem de componentes automotivos (leves e pesados), como discos \/ tambores de freio, cubos de roda, e volantes de in\u00e9rcia. Suas instala\u00e7\u00f5es possuem uma \u00e1rea de 22 mil m2 de f\u00e1cil acesso e que se encontra em Limeira h\u00e1 1 Km da Rod. Anhanguera e [&hellip;]<\/p>\n","protected":false},"author":1,"featured_media":0,"parent":0,"menu_order":0,"comment_status":"closed","ping_status":"closed","template":"","meta":{"footnotes":""},"class_list":["post-12","page","type-page","status-publish","hentry"],"_links":{"self":[{"href":"https:\/\/freioscatapano.com.br\/portal\/index.php?rest_route=\/wp\/v2\/pages\/12","targetHints":{"allow":["GET"]}}],"collection":[{"href":"https:\/\/freioscatapano.com.br\/portal\/index.php?rest_route=\/wp\/v2\/pages"}],"about":[{"href":"https:\/\/freioscatapano.com.br\/portal\/index.php?rest_route=\/wp\/v2\/types\/page"}],"author":[{"embeddable":true,"href":"https:\/\/freioscatapano.com.br\/portal\/index.php?rest_route=\/wp\/v2\/users\/1"}],"replies":[{"embeddable":true,"href":"https:\/\/freioscatapano.com.br\/portal\/index.php?rest_route=%2Fwp%2Fv2%2Fcomments&post=12"}],"version-history":[{"count":5,"href":"https:\/\/freioscatapano.com.br\/portal\/index.php?rest_route=\/wp\/v2\/pages\/12\/revisions"}],"predecessor-version":[{"id":101,"href":"https:\/\/freioscatapano.com.br\/portal\/index.php?rest_route=\/wp\/v2\/pages\/12\/revisions\/101"}],"wp:attachment":[{"href":"https:\/\/freioscatapano.com.br\/portal\/index.php?rest_route=%2Fwp%2Fv2%2Fmedia&parent=12"}],"curies":[{"name":"wp","href":"https:\/\/api.w.org\/{rel}","templated":true}]}}